 = -6 + 3. Determine s(m).
1
Let m = 49 + -36. Let r be 2/3*(10 - m). Let p(n) = n**3 + 3*n**2 - 2*n. Calculate p(r).
8
Let s(f) be the second derivative of -f**3/6 + 9*f**2 + 3*f + 87. Give s(12).
6
Suppose 2*i = -3*d + 10, d - 1 + 7 = 4*i. Suppose 2*k + 2*f = 9 + 11, 4*k - d*f - 16 = 0. Let o be (-22)/(-33) - (-2)/k. Let y(j) = -5*j**2 - j + 1. Give y(o).
-5
Suppose -5*c - 15 = -4*c - q, c - 5*q + 19 = 0. Let i(j) = j + 15. What is i(c)?
1
Let b(j) = -41*j**2 - 29*j**2 + 8 - j**3 - 31*j**2 + 2*j + 94*j**2. Let w(y) = -y**3 - 7*y**2 - 6*y - 7. Let h be w(-6). Give b(h).
-6
Let h(s) be the third derivative of -s**6/120 - s**5/6 + s**4/8 + 11*s**3/3 - 16*s**2. Give h(-10).
-8
Let y(x) = 0*x**2 - 1 + 3*x**2 + x + 2*x**2. Suppose -16 = 4*k - 5*z, -k - 4*z - 3 = -20. Determine y(k).
5
Let v(m) = -5*m**2 - 4*m - 3. Let i be (3/2)/((-48)/(-512)). Suppose -17*d = -i*d + 3. Let u be 4/(-12)*d*-2. Give v(u).
-15
Let s(c) be the first derivative of -c**4/4 + 7*c**3/3 - 4*c**2 + 13*c - 50. What is s(6)?
1
Let x be (-1 - -3)/(1 + 1). Let g(k) = -11*k + 33. Let q(s) = 10*s - 41. Let i(j) = -5*g(j) - 4*q(j). What is i(x)?
14
Let w(q) = -q**2 - 11*q - 19. Let s be w(-8). Suppose 0 = -3*u - 5*b - 25, 25 = 4*u - 2*u - s*b. Let n(i) = -i**3 + i**2 + i + 8. Determine n(u).
8
Suppose 14*p = -6*p. Let g(j) = j**3 + j - 14. Give g(p).
-14
Let d(x) = x**2 + 22*x - 5. Let v = -1002 - -980. What is d(v)?
-5
Let b(c) = -c**2 + 3. Suppose 6*a = 4*a - x + 11, 5*a - 4*x - 34 = 0. Let u be -2 + (-4)/12*(-6 - -3). Let w be (0 - u) + a + -3. Determine b(w).
-13
Let g(y) = y**2 + 4*y + 3. Suppose 3*x + 3 = -9. Let z = x + -2. Calculate g(z).
15
Let r = 1089 - 1095. Let x(z) = z - 7. Give x(r).
-13
Let i(w) be the second derivative of w**6/180 + 31*w**3/6 + 31*w. Let o(a) be the second derivative of i(a). Give o(-2).
8
Let i(b) = -b**2 - 3*b + 3. Let w be i(-4). Let m(l) be the first derivative of -2*l**3/3 - l**2/2 - l + 25. Calculate m(w).
-2
Let o(q) = q + 9. Let t(y) = -y - 9. Let w be 12/6*20/8. Let k(h) = w*o(h) + 4*t(h). Give k(-9).
0
Let u(r) be the first derivative of -r**4/4 + r**3/3 + r**2 - 24*r + 11. Let c(q) be the first derivative of u(q). What is c(-2)?
-14
Let g(j) = -j - 9. Let y be g(-11). Let c(s) = s**y - 2*s**3 + 0*s**3 + 3*s**3 + 3*s**2 + 5*s + 3. Calculate c(-3).
-3
Let u(i) = 2*i**2 + 4*i**2 - 3 - 5*i**2. Suppose -4*h + 25 = 13. Give u(h).
6
Let u(j) = j + 2. Let m be (5 + -1)/(1/1). Suppose 0 = -3*q - 0*q. Suppose 8*g = -h + m*g - 6, 4*h + 2*g - 18 = q. Give u(h).
8
Let l(p) = 16*p + 39. Let n(g) = -19*g - 40. Let u(m) = -7*l(m) - 6*n(m). Determine u(15).
-3
Let p(l) be the second derivative of l**6/120 + l**4/24 + 3*l**3/2 - 10*l**2 + 11*l. Let g(m) be the first derivative of p(m). Give g(0).
9
Let r(x) be the second derivative of -x**5/20 + x**4/12 + 2*x**2 + 6*x. Let a be (16/28)/2*91. Let q = a - 26. What is r(q)?
4
Let m(a) = -a**2 - 3*a - 1. Let g be m(-4). Let j(h) be the first derivative of h**4/4 + 4*h**3/3 - h**2 - h + 6297. Give j(g).
-16
Suppose 6*f - 3*f + 57 = 0. Let w be (-11)/33 - f/3. Let v be 3*(20/w + -3). Let a(h) = -6*h - 1. Calculate a(v).
-7
Let n(p) = -p + 4. Let q(h) = h**3 - 3*h**2 + 2*h - 4. Let y be q(3). Let b(f) = f**3 + 8*f**2 - 2*f - 4. Let c be b(-8). Suppose -y*a - a = -c. Give n(a).
0
Let k = -454 - -444. Let s(h) = h**3 + 9*h**2 - 9*h - 6. Calculate s(k).
-16
Let a(t) = t + 4. Let s(u) be the first derivative of -u**3/3 - 4*u**2 - 9*u + 12. Let f be s(-5). Give a(f).
10
Let w be (-6)/9*1 - 451/(-660). Let c(u) be the third derivative of 0 + 4/3*u**3 + 0*u + 5/24*u**4 - w*u**5 + u**2. Calculate c(6).
2
Suppose -12 = -2*s - s. Let t(u) be the third derivative of -1/12*u**5 + 1/12*u**4 + 1/120*u**6 + 0*u - u**2 + 0 + 1/3*u**3. Determine t(s).
-6
Let d(o) = -30952 - o + 30952. Let j(a) = a**2 + 14*a - 16. Let l be j(-15). What is d(l)?
1
Let s(o) = o**3 + 5*o**2 + 3*o - 1. Let x be ((-8)/(-32) - -1)/(2/(-8)). Give s(x).
-16
Let x(k) = -8*k - 128. Let u be x(-18). Let a(s) = -s**2 + 17*s - 12. Calculate a(u).
4
Let p be -5 + 5 + 0/(-2). Let r(v) be the third derivative of -1/3*v**3 + 5*v**2 + p*v + 1/60*v**5 + 0 - 1/24*v**4. Give r(-2).
4
Let h(n) = 12*n**2 - n. Let c(q) = -25*q**2 + 7*q - 8. Let t(f) = c(f) + 2*h(f). Calculate t(2).
-2
Let x(o) be the third derivative of -o**4/12 + 2*o**3/3 - o**2. Let i be 6/(-8)*(-32)/6. Determine x(i).
-4
Suppose 6*d - 3*d - 18 = -u, -3*d + 18 = 3*u. Suppose 20*s - 18*s - d = 0. Let m(o) = -2*o**2. Determine m(s).
-18
Let u(z) = 7*z**2 - 3*z - 2. Let p(r) = -r + 20. Let y be p(16). Let s(j) = 13*j**2 - 6*j - 4. Let m(f) = y*s(f) - 7*u(f). Determine m(3).
16
Let n(v) = 0 + 1 - 3*v + 9 + v - 23. What is n(-10)?
7
Let f(i) = 21*i - 26. Let v be f(1). Let p(z) = -z**2 - 7*z + 1. Give p(v).
11
Let x(u) = -u**2 - 6*u - 3. Let m be x(-5). Let g(t) be the first derivative of -2/3*t**3 + t**2 + 1/4*t**4 + 28 + t. Give g(m).
5
Let w(u) = u**2 - 8*u + 3. Let v(r) = -2*r - 4. Let n be v(-9). Let c = n + -3. Let x be c + -2 - 3/1. What is w(x)?
-9
Suppose -2*q - 3*w = -15 - 3, 2*q + 2*w - 18 = 0. Let u(i) = -13 + q + 6 + i. Calculate u(1).
3
Let b(c) be the third derivative of c**5/60 + 5*c**4/24 - c**3/3 + 17*c**2 + 2*c. Determine b(-4).
-6
Let z(m) = 14*m**3 + 21*m**2 + 32*m. Let o(a) = -5*a**3 - 7*a**2 - 11*a. Let u(x) = -11*o(x) - 4*z(x). Suppose -28*t - 4*t - 192 = 0. Calculate u(t).
6
Suppose 4*c - 4*p + 12 = 0, -c = p + 2*p - 5. Let d(h) = -28*h**2 + h + 1. Give d(c).
-28
Let c be 40/(-6)*(-348)/580. Let b(p) = -p**3 + 3*p**2 + 5*p + 2. What is b(c)?
6
Let l(t) = 2*t - 1. Let z(v) = -8*v + 5. Let u(f) = -6*l(f) - z(f). What is u(1)?
-3
Let c(k) be the third derivative of k**6/120 - 7*k**5/60 + k**4/4 - 3*k**3/2 - 17*k**2 - 5. Determine c(6).
-9
Let h(z) be the first derivative of 6 - 2*z**2 + 0*z - z**3 + 1/4*z**4. Determine h(4).
0
Let w(n) = n + 4. Let i = 41 + -39. Suppose a + i*a = -18. What is w(a)?
-2
Let n(v) = -v**2 - 19*v - 12. Let c be n(-13). Let q = c - 60. Let x(r) = -r + 4. Give x(q).
-2
Let d(q) = q**3 + q**2 + 3. Let u(r) = -r - r + 4 + 3*r. Let o be u(-4). Let h be o*(9/6)/(-3). Determine d(h).
3
Let n(j) = j**2 + 2*j - 10. Let s = -474 + 469. Determine n(s).
5
Let t = 4 - 3. Let c(n) be the first derivative of n - n**2 + 26 + 1/3*n**3. What is c(t)?
0
Let z(v) = -v**2 + v**2 + v**2 + 5*v. Suppose 3*g = 4*n - 5 - 18, -4*n = -8. Give z(g).
0
Let p(c) = c**3 - c**2 - 3*c - 3. Let n be 3/2 + (-1)/(-2). Suppose d - 2 = n*d. Calculate p(d).
-9
Let i(u) = 0 + 9 - 133*u**2 - 1 - u**3 - 127*u**2 + 261*u**2 - u. Determine i(0).
8
Let i be -1*(-2)/(-4)*(39 - 33). Let o(k) = -5*k**2 - 9*k + 6. Let a(m) = 4*m**2 + 8*m - 6. Let h(v) = i*o(v) - 4*a(v). Calculate h(-7).
-8
Let m(s) = -2 - 3 + 2*s + 1. Let r be m(5). Let o(c) be the third derivative of -c**6/120 + c**5/12 + c**4/4 + c**3 + c**2 + 55. Calculate o(r).
6
Let h be 2 - (-3 + 0/1). Let k(r) = h - 5 - 2*r - 5 - 4. Give k(-7).
5
Let m(a) = -1. Suppose 0 = 5*k - 8*k + 9. Let g be (k/4)/(10/(-80)). Let h(q) = q - 8. Let n(z) = g*m(z) + h(z). Give n(-2).
-4
Suppose 5*d - 6*d + 402 = 0. Let c(n) = 395*n**2 + 1 - 1 - d*n**2. Determine c(1).
-7
Let o(g) = -31*g**3 + 2*g**2 - 1. Let p = 986 - 987. Calculate o(p).
32
Let z = 7 - 12. Let w(m) = -3*m**2 + 3*m + 2. Let a(y) = 3*y**2 + 3 + 2*y**2 - 4*y - 3*y - 7. Let o(n) = -4*a(n) - 7*w(n). Give o(z).
-8
Suppose 8*v - 6*v = 4*p - 42, v = -4*p - 3. Let h(q) = -q**3 - 14*q**2 + 17*q + 30. Calculate h(v).
0
Suppose -j = -3*i + 2 + 3, -3*j = 5*i + 15. Let t(n) = n**3 + n**2 + 2*n + 2. Give t(i).
2
Let f(t) = -t**3 - 13*t**2 + 15*t + 17. Let o(l) = -14*l**2. Let q be o(-1). Let w be f(q). Let i(v) = -2 + v + w + v + 3. What is i(-7)?
-10
Let s(u) = 2*u - u**2 - 17 + 0*u**2 + 16. Suppose 5*q = 3*q + 4. Determine s(q).
-1
Suppose -4*g - 2*g = -24. Suppose 4*a + 12 = -4*f, 2*a - 3*a = g*f + 6. Let s(j) = 11*j**2 - j. Calculate s(f).
12
Let l(v) = -21*v + 0 + 22*v + 1. Let c(r) = r**2 - r - 4. Let o(x) = -x**3 - 2*x**2 + 4*x. Let s be o(-3). Let h(u) = s*l(u) - c(u). Determine h(-2).
1
Let p(m) = -m**3 - 6*m**2 - 5*m + 6. Suppose d = 5*d + 96. Let b = d + 12. Let o = b + 7. Determine p(o).
6
Let i(l) be the third derivative of -5*l**2 + 0 + 1/24*l**4 + 6*l + 1/2*l**3. Determine i(-5).
-2
Let t(